{"id":3849,"date":"2020-12-08T09:29:43","date_gmt":"2020-12-08T07:29:43","guid":{"rendered":"http:\/\/semanatarrega.com\/?page_id=3849"},"modified":"2020-12-10T13:01:01","modified_gmt":"2020-12-10T11:01:01","slug":"ivana-oliva","status":"publish","type":"page","link":"http:\/\/semanatarrega.com\/en\/ivana-oliva\/","title":{"rendered":"Ivana Oliva"},"content":{"rendered":"<div data-elementor-type=\"wp-page\" data-elementor-id=\"3849\" class=\"elementor elementor-3849\">\n\t\t\t\t\t\t<section class=\"elementor-section elementor-top-section elementor-element elementor-element-48d3a682 elementor-section-boxed elementor-section-height-default elementor-section-height-default\" data-id=\"48d3a682\" data-element_type=\"section\" data-settings=\"{&quot;background_background&quot;:&quot;classic&quot;}\">\n\t\t\t\t\t\t\t<div class=\"elementor-background-overlay\"><\/div>\n\t\t\t\t\t\t\t<div class=\"elementor-container elementor-column-gap-default\">\n\t\t\t\t\t<div class=\"elementor-column elementor-col-50 elementor-top-column elementor-element elementor-element-f0db725\" data-id=\"f0db725\" data-element_type=\"column\">\n\t\t\t<div class=\"elementor-widget-wrap elementor-element-populated\">\n\t\t\t\t\t\t<div class=\"elementor-element elementor-element-554862f2 elementor-widget elementor-widget-image\" data-id=\"554862f2\" data-element_type=\"widget\" data-widget_type=\"image.default\">\n\t\t\t\t<div class=\"elementor-widget-container\">\n\t\t\t\t\t\t\t\t\t\t\t\t\t\t\t<img fetchpriority=\"high\" decoding=\"async\" width=\"1024\" height=\"1024\" src=\"http:\/\/semanatarrega.com\/wp-content\/uploads\/2020\/12\/28-1024x1024.png\" class=\"attachment-large size-large wp-image-2829\" alt=\"\" srcset=\"http:\/\/semanatarrega.com\/wp-content\/uploads\/2020\/12\/28-1024x1024.png 1024w, http:\/\/semanatarrega.com\/wp-content\/uploads\/2020\/12\/28-300x300.png 300w, http:\/\/semanatarrega.com\/wp-content\/uploads\/2020\/12\/28-150x150.png 150w, http:\/\/semanatarrega.com\/wp-content\/uploads\/2020\/12\/28-768x768.png 768w, http:\/\/semanatarrega.com\/wp-content\/uploads\/2020\/12\/28-600x600.png 600w, http:\/\/semanatarrega.com\/wp-content\/uploads\/2020\/12\/28-100x100.png 100w, http:\/\/semanatarrega.com\/wp-content\/uploads\/2020\/12\/28.png 1080w\" sizes=\"(max-width: 1024px) 100vw, 1024px\" \/>\t\t\t\t\t\t\t\t\t\t\t\t\t\t\t<\/div>\n\t\t\t\t<\/div>\n\t\t\t\t\t<\/div>\n\t\t<\/div>\n\t\t\t\t<div class=\"elementor-column elementor-col-50 elementor-top-column elementor-element elementor-element-533bc233\" data-id=\"533bc233\" data-element_type=\"column\">\n\t\t\t<div class=\"elementor-widget-wrap elementor-element-populated\">\n\t\t\t\t\t\t<div class=\"elementor-element elementor-element-455d9827 elementor-widget elementor-widget-heading\" data-id=\"455d9827\" data-element_type=\"widget\" data-widget_type=\"heading.default\">\n\t\t\t\t<div class=\"elementor-widget-container\">\n\t\t\t\t\t<h1 class=\"elementor-heading-title elementor-size-default\">mar\u00eda ivana oliva<\/h1>\t\t\t\t<\/div>\n\t\t\t\t<\/div>\n\t\t\t\t\t<\/div>\n\t\t<\/div>\n\t\t\t\t\t<\/div>\n\t\t<\/section>\n\t\t\t\t<section class=\"elementor-section elementor-top-section elementor-element elementor-element-24896f29 elementor-section-boxed elementor-section-height-default elementor-section-height-default\" data-id=\"24896f29\" data-element_type=\"section\">\n\t\t\t\t\t\t<div class=\"elementor-container elementor-column-gap-default\">\n\t\t\t\t\t<div class=\"elementor-column elementor-col-100 elementor-top-column elementor-element elementor-element-4baa0e21\" data-id=\"4baa0e21\" data-element_type=\"column\">\n\t\t\t<div class=\"elementor-widget-wrap elementor-element-populated\">\n\t\t\t\t\t\t<div class=\"elementor-element elementor-element-4150d5d8 elementor-widget elementor-widget-text-editor\" data-id=\"4150d5d8\" data-element_type=\"widget\" data-widget_type=\"text-editor.default\">\n\t\t\t\t<div class=\"elementor-widget-container\">\n\t\t\t\t\t\t\t\t\t<p>Nacida en Taranto, cuando era muy joven comenz\u00f3 a estudiar guitarra, en 1992 se gradu\u00f3 con honores en el ISSSM \u00abG. Paisiello \u00abde Taranto y contin\u00faa sus estudios con el Maestro R. Lambo, profesor del Conservatorio N. Piccinni de Bari. En 1984 se especializ\u00f3 en la tablatura de la Vihuela (Cordofono de 1500) con el Maestro G. Balestra y posteriormente, En 1991, con el Maestro M. Lonardi, profundiz\u00f3 el estudio de las tablaturas. Tambi\u00e9n colabora con el grupo vocal e instrumental \u00abMusica Antiqua\u00bb para la recuperaci\u00f3n del repertorio popular italiano de 500\/600. En su formaci\u00f3n, son importantes las continuas lecciones con el Maestro O. Ghiglia en el \u00abIncontri Chitarristici\u00bb de Gargnano, la Asociaci\u00f3n Musical \u00abIl Coretto\u00bb de Bari y la \u00abAccademia Chigiana\u00bb de Siena. Al mismo tiempo, se perfecciona con los maestros: M. Barrueco (Nettuno Guitar Encounters), A. Diaz (Guitar University of Taranto), A. Ponce (Guitar Academy of Lecce), J. Bream (Guitar Encounters of Florence).<\/p>\n<p><!-- \/wp:paragraph --><!-- wp:paragraph --><\/p>\n<p>Act\u00faa como solista y en varios conjuntos de c\u00e1mara, desde el d\u00fao (vl-gt, cl-gt) hasta el tr\u00edo (gt-vl-fl, gt-cl-fl) hasta diversas formaciones en diversas asociaciones musicales, incluidas AGIMUS, Amici de M\u00fasica \u00abA. Speranza\u00bb de Taranto. En colaboraci\u00f3n con Armoni Ensemble Trio (flauta-clarinete-guitarra) grab\u00f3 el CD \u00abAA.VV\u00bb. Tiene una intensa actividad de conciertos en Italia y en el extranjero: Marruecos (Agadir, Casablanca, Marrakech y Mohamedia), Francia, Grecia, Espa\u00f1a. Es invitada a numerosos festivales internacionales de guitarra, tanto como solista como d\u00fao, y mientras tanto participa en varios concursos nacionales.<\/p>\n<p><!-- \/wp:paragraph --><!-- wp:paragraph --><\/p>\n<p>Es la creadora y organizadora de las rese\u00f1as de \u00abLuna nel Chiostro\u00bb (una exposici\u00f3n itinerante en el centro hist\u00f3rico de Taranto para la mejora del arte en combinaci\u00f3n con la m\u00fasica patrocinada por la Regi\u00f3n de Puglia), y \u00abDonatori di Suoni\u00bb, la primera cr\u00edtica musical en el hospital de Taranto en colaboraci\u00f3n con el CSV.<\/p>\n<p><!-- \/wp:paragraph --><!-- wp:paragraph --><\/p>\n<p>En 2011 produjo \u00abIl Lavoro nelle Arti\u00bb en colaboraci\u00f3n con la Facultad de Derecho de la Universidad de Bari, investigaci\u00f3n y estudio de la transfiguraci\u00f3n del trabajo en las diferentes formas de arte, organizando los pasajes relacionados.<\/p>\n<p><!-- \/wp:paragraph --><!-- wp:paragraph --><\/p>\n<p>Es la creadora del Festival Internacional de Guitarra \u00abCitt\u00e0 dello Jonio\u00bb en Taranto y Presidenta de la Asociaci\u00f3n \u00abGuitar Artium\u00bb. Fund\u00f3 la orquesta \u00abAndr\u00e9s Segovia\u00bb formada por j\u00f3venes m\u00fasicos, para la cual organiza y transcribe numerosas piezas.<\/p>\n<p><!-- \/wp:paragraph --><!-- wp:paragraph --><\/p>\n<p>Est\u00e1 habilitada para la ense\u00f1anza de m\u00fasica en escuelas secundarias de grado I y II e instrumentos musicales (guitarra). Es estudiosa de la ense\u00f1anza y realiza actividades de capacitaci\u00f3n para organizaciones acreditadas por MIUR. En 2008 fue supervisora \u200b\u200bde pasant\u00edas en el Istituto Musicale Pareggiato \u201cG. Paisiello \u201dpara la calificaci\u00f3n de las clases de competencia de Instrumentos Musicales y Educaci\u00f3n Musical. Se gradu\u00f3 en Econom\u00eda y Comercio con honores de la Universidad de Bari y posee un Master en Gesti\u00f3n de Liderazgo y Educaci\u00f3n de la Universidad de Roma Tre. Actualmente es profesora de guitarra en el Comprehensive \u00abR. Frascolla \u00abde Taranto y TUTOR para la pasant\u00eda de entrenamiento activo en el\u00bb N. Piccinni \u201dde Bari.<\/p>\t\t\t\t\t\t\t\t<\/div>\n\t\t\t\t<\/div>\n\t\t\t\t<div class=\"elementor-element elementor-element-8c0dcb1 elementor-widget elementor-widget-image\" data-id=\"8c0dcb1\" data-element_type=\"widget\" data-widget_type=\"image.default\">\n\t\t\t\t<div class=\"elementor-widget-container\">\n\t\t\t\t\t\t\t\t\t\t\t\t\t\t\t<img decoding=\"async\" width=\"150\" height=\"150\" src=\"http:\/\/semanatarrega.com\/wp-content\/uploads\/2020\/12\/56-150x150.png\" class=\"attachment-thumbnail size-thumbnail wp-image-3844\" alt=\"\" srcset=\"http:\/\/semanatarrega.com\/wp-content\/uploads\/2020\/12\/56-150x150.png 150w, http:\/\/semanatarrega.com\/wp-content\/uploads\/2020\/12\/56-300x300.png 300w, http:\/\/semanatarrega.com\/wp-content\/uploads\/2020\/12\/56-1024x1024.png 1024w, http:\/\/semanatarrega.com\/wp-content\/uploads\/2020\/12\/56-768x768.png 768w, http:\/\/semanatarrega.com\/wp-content\/uploads\/2020\/12\/56-600x600.png 600w, http:\/\/semanatarrega.com\/wp-content\/uploads\/2020\/12\/56-100x100.png 100w, http:\/\/semanatarrega.com\/wp-content\/uploads\/2020\/12\/56.png 1080w\" sizes=\"(max-width: 150px) 100vw, 150px\" \/>\t\t\t\t\t\t\t\t\t\t\t\t\t\t\t<\/div>\n\t\t\t\t<\/div>\n\t\t\t\t<div class=\"elementor-element elementor-element-4dd4b12 elementor-widget elementor-widget-image\" data-id=\"4dd4b12\" data-element_type=\"widget\" data-widget_type=\"image.default\">\n\t\t\t\t<div class=\"elementor-widget-container\">\n\t\t\t\t\t\t\t\t\t\t\t\t\t\t\t<img decoding=\"async\" width=\"150\" height=\"150\" src=\"http:\/\/semanatarrega.com\/wp-content\/uploads\/2020\/12\/57-150x150.png\" class=\"attachment-thumbnail size-thumbnail wp-image-3845\" alt=\"\" srcset=\"http:\/\/semanatarrega.com\/wp-content\/uploads\/2020\/12\/57-150x150.png 150w, http:\/\/semanatarrega.com\/wp-content\/uploads\/2020\/12\/57-300x300.png 300w, http:\/\/semanatarrega.com\/wp-content\/uploads\/2020\/12\/57-1024x1024.png 1024w, http:\/\/semanatarrega.com\/wp-content\/uploads\/2020\/12\/57-768x768.png 768w, http:\/\/semanatarrega.com\/wp-content\/uploads\/2020\/12\/57-600x600.png 600w, http:\/\/semanatarrega.com\/wp-content\/uploads\/2020\/12\/57-100x100.png 100w, http:\/\/semanatarrega.com\/wp-content\/uploads\/2020\/12\/57.png 1080w\" sizes=\"(max-width: 150px) 100vw, 150px\" \/>\t\t\t\t\t\t\t\t\t\t\t\t\t\t\t<\/div>\n\t\t\t\t<\/div>\n\t\t\t\t\t<\/div>\n\t\t<\/div>\n\t\t\t\t\t<\/div>\n\t\t<\/section>\n\t\t\t\t<\/div>","protected":false},"excerpt":{"rendered":"<p>mar\u00eda ivana oliva Nacida en Taranto, cuando era muy joven comenz\u00f3 a estudiar guitarra, en 1992 se gradu\u00f3 con honores en el ISSSM \u00abG. Paisiello \u00abde Taranto y contin\u00faa sus estudios con el Maestro R. Lambo, profesor del Conservatorio N. Piccinni de Bari. En 1984 se especializ\u00f3 en la tablatura de la Vihuela (Cordofono de [&hellip;]<\/p>","protected":false},"author":1,"featured_media":0,"parent":0,"menu_order":0,"comment_status":"closed","ping_status":"closed","template":"","meta":{"site-sidebar-layout":"no-sidebar","site-content-layout":"default","ast-site-content-layout":"default","site-content-style":"default","site-sidebar-style":"default","ast-global-header-display":"","ast-banner-title-visibility":"","ast-main-header-display":"","ast-hfb-above-header-display":"","ast-hfb-below-header-display":"","ast-hfb-mobile-header-display":"","site-post-title":"disabled","ast-breadcrumbs-content":"","ast-featured-img":"","footer-sml-layout":"","ast-disable-related-posts":"","theme-transparent-header-meta":"default","adv-header-id-meta":"","stick-header-meta":"","header-above-stick-meta":"","header-main-stick-meta":"","header-below-stick-meta":"","astra-migrate-meta-layouts":"default","ast-page-background-enabled":"default","ast-page-background-meta":{"desktop":{"background-color":"","background-image":"","background-repeat":"repeat","background-position":"center center","background-size":"auto","background-attachment":"scroll","background-type":"","background-media":"","overlay-type":"","overlay-color":"","overlay-opacity":"","overlay-gradient":""},"tablet":{"background-color":"","background-image":"","background-repeat":"repeat","background-position":"center center","background-size":"auto","background-attachment":"scroll","background-type":"","background-media":"","overlay-type":"","overlay-color":"","overlay-opacity":"","overlay-gradient":""},"mobile":{"background-color":"","background-image":"","background-repeat":"repeat","background-position":"center center","background-size":"auto","background-attachment":"scroll","background-type":"","background-media":"","overlay-type":"","overlay-color":"","overlay-opacity":"","overlay-gradient":""}},"ast-content-background-meta":{"desktop":{"background-color":"var(--ast-global-color-5)","background-image":"","background-repeat":"repeat","background-position":"center center","background-size":"auto","background-attachment":"scroll","background-type":"","background-media":"","overlay-type":"","overlay-color":"","overlay-opacity":"","overlay-gradient":""},"tablet":{"background-color":"var(--ast-global-color-5)","background-image":"","background-repeat":"repeat","background-position":"center center","background-size":"auto","background-attachment":"scroll","background-type":"","background-media":"","overlay-type":"","overlay-color":"","overlay-opacity":"","overlay-gradient":""},"mobile":{"background-color":"var(--ast-global-color-5)","background-image":"","background-repeat":"repeat","background-position":"center center","background-size":"auto","background-attachment":"scroll","background-type":"","background-media":"","overlay-type":"","overlay-color":"","overlay-opacity":"","overlay-gradient":""}},"footnotes":""},"class_list":["post-3849","page","type-page","status-publish","hentry"],"_links":{"self":[{"href":"http:\/\/semanatarrega.com\/en\/wp-json\/wp\/v2\/pages\/3849","targetHints":{"allow":["GET"]}}],"collection":[{"href":"http:\/\/semanatarrega.com\/en\/wp-json\/wp\/v2\/pages"}],"about":[{"href":"http:\/\/semanatarrega.com\/en\/wp-json\/wp\/v2\/types\/page"}],"author":[{"embeddable":true,"href":"http:\/\/semanatarrega.com\/en\/wp-json\/wp\/v2\/users\/1"}],"replies":[{"embeddable":true,"href":"http:\/\/semanatarrega.com\/en\/wp-json\/wp\/v2\/comments?post=3849"}],"version-history":[{"count":7,"href":"http:\/\/semanatarrega.com\/en\/wp-json\/wp\/v2\/pages\/3849\/revisions"}],"predecessor-version":[{"id":4067,"href":"http:\/\/semanatarrega.com\/en\/wp-json\/wp\/v2\/pages\/3849\/revisions\/4067"}],"wp:attachment":[{"href":"http:\/\/semanatarrega.com\/en\/wp-json\/wp\/v2\/media?parent=3849"}],"curies":[{"name":"wp","href":"https:\/\/api.w.org\/{rel}","templated":true}]}}

<div data-elementor-type="wp-page" data-elementor-id="3849" class="elementor elementor-3849">
						<section class="elementor-section elementor-top-section elementor-element elementor-element-48d3a682 elementor-section-boxed elementor-section-height-default elementor-section-height-default" data-id="48d3a682" data-element_type="section" data-settings="{&quot;background_background&quot;:&quot;classic&quot;}">
							<div class="elementor-background-overlay"></div>
							<div class="elementor-container elementor-column-gap-default">
					<div class="elementor-column elementor-col-50 elementor-top-column elementor-element elementor-element-f0db725" data-id="f0db725" data-element_type="column">
			<div class="elementor-widget-wrap elementor-element-populated">
						<div class="elementor-element elementor-element-554862f2 elementor-widget elementor-widget-image" data-id="554862f2" data-element_type="widget" data-widget_type="image.default">
				<div class="elementor-widget-container">
															<img fetchpriority="high" decoding="async" width="1024" height="1024" src="http://semanatarrega.com/wp-content/uploads/2020/12/28-1024x1024.png" class="attachment-large size-large wp-image-2829" alt="" srcset="http://semanatarrega.com/wp-content/uploads/2020/12/28-1024x1024.png 1024w, http://semanatarrega.com/wp-content/uploads/2020/12/28-300x300.png 300w, http://semanatarrega.com/wp-content/uploads/2020/12/28-150x150.png 150w, http://semanatarrega.com/wp-content/uploads/2020/12/28-768x768.png 768w, http://semanatarrega.com/wp-content/uploads/2020/12/28-600x600.png 600w, http://semanatarrega.com/wp-content/uploads/2020/12/28-100x100.png 100w, http://semanatarrega.com/wp-content/uploads/2020/12/28.png 1080w" sizes="(max-width: 1024px) 100vw, 1024px" />															</div>
				</div>
					</div>
		</div>
				<div class="elementor-column elementor-col-50 elementor-top-column elementor-element elementor-element-533bc233" data-id="533bc233" data-element_type="column">
			<div class="elementor-widget-wrap elementor-element-populated">
						<div class="elementor-element elementor-element-455d9827 elementor-widget elementor-widget-heading" data-id="455d9827" data-element_type="widget" data-widget_type="heading.default">
				<div class="elementor-widget-container">
					<h1 class="elementor-heading-title elementor-size-default">maría ivana oliva</h1>				</div>
				</div>
					</div>
		</div>
					</div>
		</section>
				<section class="elementor-section elementor-top-section elementor-element elementor-element-24896f29 elementor-section-boxed elementor-section-height-default elementor-section-height-default" data-id="24896f29" data-element_type="section">
						<div class="elementor-container elementor-column-gap-default">
					<div class="elementor-column elementor-col-100 elementor-top-column elementor-element elementor-element-4baa0e21" data-id="4baa0e21" data-element_type="column">
			<div class="elementor-widget-wrap elementor-element-populated">
						<div class="elementor-element elementor-element-4150d5d8 elementor-widget elementor-widget-text-editor" data-id="4150d5d8" data-element_type="widget" data-widget_type="text-editor.default">
				<div class="elementor-widget-container">
									<p>Nacida en Taranto, cuando era muy joven comenzó a estudiar guitarra, en 1992 se graduó con honores en el ISSSM «G. Paisiello «de Taranto y continúa sus estudios con el Maestro R. Lambo, profesor del Conservatorio N. Piccinni de Bari. En 1984 se especializó en la tablatura de la Vihuela (Cordofono de 1500) con el Maestro G. Balestra y posteriormente, En 1991, con el Maestro M. Lonardi, profundizó el estudio de las tablaturas. También colabora con el grupo vocal e instrumental «Musica Antiqua» para la recuperación del repertorio popular italiano de 500/600. En su formación, son importantes las continuas lecciones con el Maestro O. Ghiglia en el «Incontri Chitarristici» de Gargnano, la Asociación Musical «Il Coretto» de Bari y la «Accademia Chigiana» de Siena. Al mismo tiempo, se perfecciona con los maestros: M. Barrueco (Nettuno Guitar Encounters), A. Diaz (Guitar University of Taranto), A. Ponce (Guitar Academy of Lecce), J. Bream (Guitar Encounters of Florence).</p>
<p><!-- /wp:paragraph --><!-- wp:paragraph --></p>
<p>Actúa como solista y en varios conjuntos de cámara, desde el dúo (vl-gt, cl-gt) hasta el trío (gt-vl-fl, gt-cl-fl) hasta diversas formaciones en diversas asociaciones musicales, incluidas AGIMUS, Amici de Música «A. Speranza» de Taranto. En colaboración con Armoni Ensemble Trio (flauta-clarinete-guitarra) grabó el CD «AA.VV». Tiene una intensa actividad de conciertos en Italia y en el extranjero: Marruecos (Agadir, Casablanca, Marrakech y Mohamedia), Francia, Grecia, España. Es invitada a numerosos festivales internacionales de guitarra, tanto como solista como dúo, y mientras tanto participa en varios concursos nacionales.</p>
<p><!-- /wp:paragraph --><!-- wp:paragraph --></p>
<p>Es la creadora y organizadora de las reseñas de «Luna nel Chiostro» (una exposición itinerante en el centro histórico de Taranto para la mejora del arte en combinación con la música patrocinada por la Región de Puglia), y «Donatori di Suoni», la primera crítica musical en el hospital de Taranto en colaboración con el CSV.</p>
<p><!-- /wp:paragraph --><!-- wp:paragraph --></p>
<p>En 2011 produjo «Il Lavoro nelle Arti» en colaboración con la Facultad de Derecho de la Universidad de Bari, investigación y estudio de la transfiguración del trabajo en las diferentes formas de arte, organizando los pasajes relacionados.</p>
<p><!-- /wp:paragraph --><!-- wp:paragraph --></p>
<p>Es la creadora del Festival Internacional de Guitarra «Città dello Jonio» en Taranto y Presidenta de la Asociación «Guitar Artium». Fundó la orquesta «Andrés Segovia» formada por jóvenes músicos, para la cual organiza y transcribe numerosas piezas.</p>
<p><!-- /wp:paragraph --><!-- wp:paragraph --></p>
<p>Está habilitada para la enseñanza de música en escuelas secundarias de grado I y II e instrumentos musicales (guitarra). Es estudiosa de la enseñanza y realiza actividades de capacitación para organizaciones acreditadas por MIUR. En 2008 fue supervisora ​​de pasantías en el Istituto Musicale Pareggiato “G. Paisiello ”para la calificación de las clases de competencia de Instrumentos Musicales y Educación Musical. Se graduó en Economía y Comercio con honores de la Universidad de Bari y posee un Master en Gestión de Liderazgo y Educación de la Universidad de Roma Tre. Actualmente es profesora de guitarra en el Comprehensive «R. Frascolla «de Taranto y TUTOR para la pasantía de entrenamiento activo en el» N. Piccinni ”de Bari.</p>								</div>
				</div>
				<div class="elementor-element elementor-element-8c0dcb1 elementor-widget elementor-widget-image" data-id="8c0dcb1" data-element_type="widget" data-widget_type="image.default">
				<div class="elementor-widget-container">
															<img decoding="async" width="150" height="150" src="http://semanatarrega.com/wp-content/uploads/2020/12/56-150x150.png" class="attachment-thumbnail size-thumbnail wp-image-3844" alt="" srcset="http://semanatarrega.com/wp-content/uploads/2020/12/56-150x150.png 150w, http://semanatarrega.com/wp-content/uploads/2020/12/56-300x300.png 300w, http://semanatarrega.com/wp-content/uploads/2020/12/56-1024x1024.png 1024w, http://semanatarrega.com/wp-content/uploads/2020/12/56-768x768.png 768w, http://semanatarrega.com/wp-content/uploads/2020/12/56-600x600.png 600w, http://semanatarrega.com/wp-content/uploads/2020/12/56-100x100.png 100w, http://semanatarrega.com/wp-content/uploads/2020/12/56.png 1080w" sizes="(max-width: 150px) 100vw, 150px" />															</div>
				</div>
				<div class="elementor-element elementor-element-4dd4b12 elementor-widget elementor-widget-image" data-id="4dd4b12" data-element_type="widget" data-widget_type="image.default">
				<div class="elementor-widget-container">
															<img decoding="async" width="150" height="150" src="http://semanatarrega.com/wp-content/uploads/2020/12/57-150x150.png" class="attachment-thumbnail size-thumbnail wp-image-3845" alt="" srcset="http://semanatarrega.com/wp-content/uploads/2020/12/57-150x150.png 150w, http://semanatarrega.com/wp-content/uploads/2020/12/57-300x300.png 300w, http://semanatarrega.com/wp-content/uploads/2020/12/57-1024x1024.png 1024w, http://semanatarrega.com/wp-content/uploads/2020/12/57-768x768.png 768w, http://semanatarrega.com/wp-content/uploads/2020/12/57-600x600.png 600w, http://semanatarrega.com/wp-content/uploads/2020/12/57-100x100.png 100w, http://semanatarrega.com/wp-content/uploads/2020/12/57.png 1080w" sizes="(max-width: 150px) 100vw, 150px" />															</div>
				</div>
					</div>
		</div>
					</div>
		</section>
				</div>

<p>maría ivana oliva Nacida en Taranto, cuando era muy joven comenzó a estudiar guitarra, en 1992 se graduó con honores en el ISSSM «G. Paisiello «de Taranto y continúa sus estudios con el Maestro R. Lambo, profesor del Conservatorio N. Piccinni de Bari. En 1984 se especializó en la tablatura de la Vihuela (Cordofono de [&hellip;]</p>
