{"id":6405,"date":"2025-12-10T11:26:37","date_gmt":"2025-12-10T09:26:37","guid":{"rendered":"https:\/\/semanatarrega.com\/?page_id=6405"},"modified":"2025-12-10T11:46:44","modified_gmt":"2025-12-10T09:46:44","slug":"marta-andreu","status":"publish","type":"page","link":"https:\/\/semanatarrega.com\/en\/marta-andreu\/","title":{"rendered":"Marta Andreu"},"content":{"rendered":"<div data-elementor-type=\"wp-page\" data-elementor-id=\"6405\" class=\"elementor elementor-6405\">\n\t\t\t\t\t\t<section class=\"elementor-section elementor-top-section elementor-element elementor-element-2d55042b elementor-section-boxed elementor-section-height-default elementor-section-height-default\" data-id=\"2d55042b\" data-element_type=\"section\" data-settings=\"{&quot;background_background&quot;:&quot;classic&quot;}\">\n\t\t\t\t\t\t\t<div class=\"elementor-background-overlay\"><\/div>\n\t\t\t\t\t\t\t<div class=\"elementor-container elementor-column-gap-default\">\n\t\t\t\t\t<div class=\"elementor-column elementor-col-50 elementor-top-column elementor-element elementor-element-4d411491\" data-id=\"4d411491\" data-element_type=\"column\">\n\t\t\t<div class=\"elementor-widget-wrap elementor-element-populated\">\n\t\t\t\t\t\t<div class=\"elementor-element elementor-element-45fa55c0 elementor-widget elementor-widget-heading\" data-id=\"45fa55c0\" data-element_type=\"widget\" data-widget_type=\"heading.default\">\n\t\t\t\t<div class=\"elementor-widget-container\">\n\t\t\t\t\t<h1 class=\"elementor-heading-title elementor-size-default\">Marta Andreu<\/h1>\t\t\t\t<\/div>\n\t\t\t\t<\/div>\n\t\t\t\t\t<\/div>\n\t\t<\/div>\n\t\t\t\t<div class=\"elementor-column elementor-col-50 elementor-top-column elementor-element elementor-element-60305e8a\" data-id=\"60305e8a\" data-element_type=\"column\">\n\t\t\t<div class=\"elementor-widget-wrap elementor-element-populated\">\n\t\t\t\t\t\t<div class=\"elementor-element elementor-element-3eb0c314 elementor-widget elementor-widget-image\" data-id=\"3eb0c314\" data-element_type=\"widget\" data-widget_type=\"image.default\">\n\t\t\t\t<div class=\"elementor-widget-container\">\n\t\t\t\t\t\t\t\t\t\t\t\t\t\t\t<img fetchpriority=\"high\" decoding=\"async\" width=\"1200\" height=\"1200\" src=\"https:\/\/semanatarrega.com\/wp-content\/uploads\/2025\/12\/Marta-Andreu-e1765300835505.jpeg\" class=\"attachment-full size-full wp-image-6237\" alt=\"\" srcset=\"https:\/\/semanatarrega.com\/wp-content\/uploads\/2025\/12\/Marta-Andreu-e1765300835505.jpeg 1200w, https:\/\/semanatarrega.com\/wp-content\/uploads\/2025\/12\/Marta-Andreu-e1765300835505-300x300.jpeg 300w, https:\/\/semanatarrega.com\/wp-content\/uploads\/2025\/12\/Marta-Andreu-e1765300835505-1024x1024.jpeg 1024w, https:\/\/semanatarrega.com\/wp-content\/uploads\/2025\/12\/Marta-Andreu-e1765300835505-150x150.jpeg 150w, https:\/\/semanatarrega.com\/wp-content\/uploads\/2025\/12\/Marta-Andreu-e1765300835505-768x768.jpeg 768w, https:\/\/semanatarrega.com\/wp-content\/uploads\/2025\/12\/Marta-Andreu-e1765300835505-12x12.jpeg 12w, https:\/\/semanatarrega.com\/wp-content\/uploads\/2025\/12\/Marta-Andreu-e1765300835505-600x600.jpeg 600w, https:\/\/semanatarrega.com\/wp-content\/uploads\/2025\/12\/Marta-Andreu-e1765300835505-100x100.jpeg 100w\" sizes=\"(max-width: 1200px) 100vw, 1200px\" \/>\t\t\t\t\t\t\t\t\t\t\t\t\t\t\t<\/div>\n\t\t\t\t<\/div>\n\t\t\t\t\t<\/div>\n\t\t<\/div>\n\t\t\t\t\t<\/div>\n\t\t<\/section>\n\t\t\t\t<section class=\"elementor-section elementor-top-section elementor-element elementor-element-299e28a2 elementor-section-boxed elementor-section-height-default elementor-section-height-default\" data-id=\"299e28a2\" data-element_type=\"section\">\n\t\t\t\t\t\t<div class=\"elementor-container elementor-column-gap-default\">\n\t\t\t\t\t<div class=\"elementor-column elementor-col-100 elementor-top-column elementor-element elementor-element-b1c0b38\" data-id=\"b1c0b38\" data-element_type=\"column\">\n\t\t\t<div class=\"elementor-widget-wrap elementor-element-populated\">\n\t\t\t\t\t\t<div class=\"elementor-element elementor-element-70f382b1 elementor-widget elementor-widget-text-editor\" data-id=\"70f382b1\" data-element_type=\"widget\" data-widget_type=\"text-editor.default\">\n\t\t\t\t<div class=\"elementor-widget-container\">\n\t\t\t\t\t\t\t\t\t<p style=\"text-align: justify;\"><em>[Spanish bio &#8211; English below]<\/em><\/p><p style=\"text-align: justify;\">BIOGRAF\u00cdA EN ESPA\u00d1OL<\/p><p style=\"text-align: justify;\">Marta Andreu, nacida en Vila-real (Castell\u00f3n), finaliz\u00f3 en el curso acad\u00e9mico 2024-2025 el Grado en Interpretaci\u00f3n Musical, especialidad en guitarra, en el Conservatorio Superior Joaqu\u00edn Rodrigo de Valencia. Ha recibido clases magistrales de guitarristas como Carles Trepat, Adriano del Sal, Hopkinson Smith y Mar\u00eda Esther Guzm\u00e1n. Combina su labor como guitarrista solista con su participaci\u00f3n en agrupaciones como el Conjunt de Guitarres Mestre Babiloni, la Rondalla de Sant Joan de Mor\u00f3 y la Orquestra de Plectre Francesc T\u00e0rrega. Asimismo,\u00a0 participa en el espect\u00e1culo infantil Coneixes T\u00e0rrega, organizado por la compa\u00f1\u00eda Paraules d\u2019Aire, en el que interpreta la m\u00fasica en directo.<\/p><p style=\"text-align: justify;\">&#8212;<\/p><p style=\"text-align: justify;\">ENGLISH BIO<\/p><p style=\"text-align: justify;\">Marta Andreu, born in Vila-real (Castell\u00f3n), completed her Bachelor&#8217;s Degree in Musical Performance, specializing in guitar, at the Joaqu\u00edn Rodrigo Higher Conservatory of Music in Valencia during the 2024-2025 academic year. She has received masterclasses from guitarists such as Carles Trepat, Adriano del Sal, Hopkinson Smith, and Mar\u00eda Esther Guzm\u00e1n. She combines her work as a solo guitarist with participation in groups such as the Conjunt de Guitarres Mestre Babiloni, the Rondalla de Sant Joan de Mor\u00f3, and the Francesc T\u00e0rrega Plectrum Orchestra. She also participates in the children&#8217;s show Coneixes T\u00e0rrega, organized by the Paraules d\u2019Aire company, where she performs live music.<\/p>\t\t\t\t\t\t\t\t<\/div>\n\t\t\t\t<\/div>\n\t\t\t\t\t<\/div>\n\t\t<\/div>\n\t\t\t\t\t<\/div>\n\t\t<\/section>\n\t\t\t\t<\/div>","protected":false},"excerpt":{"rendered":"<p>Marta Andreu [Spanish bio &#8211; English below] BIOGRAF\u00cdA EN ESPA\u00d1OL Marta Andreu, nacida en Vila-real (Castell\u00f3n), finaliz\u00f3 en el curso acad\u00e9mico 2024-2025 el Grado en Interpretaci\u00f3n Musical, especialidad en guitarra, en el Conservatorio Superior Joaqu\u00edn Rodrigo de Valencia. Ha recibido clases magistrales de guitarristas como Carles Trepat, Adriano del Sal, Hopkinson Smith y Mar\u00eda Esther [&hellip;]<\/p>","protected":false},"author":1,"featured_media":0,"parent":0,"menu_order":0,"comment_status":"closed","ping_status":"closed","template":"","meta":{"site-sidebar-layout":"no-sidebar","site-content-layout":"page-builder","ast-site-content-layout":"full-width-container","site-content-style":"default","site-sidebar-style":"default","ast-global-header-display":"","ast-banner-title-visibility":"","ast-main-header-display":"","ast-hfb-above-header-display":"","ast-hfb-below-header-display":"","ast-hfb-mobile-header-display":"","site-post-title":"disabled","ast-breadcrumbs-content":"","ast-featured-img":"disabled","footer-sml-layout":"","ast-disable-related-posts":"","theme-transparent-header-meta":"","adv-header-id-meta":"","stick-header-meta":"","header-above-stick-meta":"","header-main-stick-meta":"","header-below-stick-meta":"","astra-migrate-meta-layouts":"set","ast-page-background-enabled":"default","ast-page-background-meta":{"desktop":{"background-color":"","background-image":"","background-repeat":"repeat","background-position":"center center","background-size":"auto","background-attachment":"scroll","background-type":"","background-media":"","overlay-type":"","overlay-color":"","overlay-opacity":"","overlay-gradient":""},"tablet":{"background-color":"","background-image":"","background-repeat":"repeat","background-position":"center center","background-size":"auto","background-attachment":"scroll","background-type":"","background-media":"","overlay-type":"","overlay-color":"","overlay-opacity":"","overlay-gradient":""},"mobile":{"background-color":"","background-image":"","background-repeat":"repeat","background-position":"center center","background-size":"auto","background-attachment":"scroll","background-type":"","background-media":"","overlay-type":"","overlay-color":"","overlay-opacity":"","overlay-gradient":""}},"ast-content-background-meta":{"desktop":{"background-color":"var(--ast-global-color-5)","background-image":"","background-repeat":"repeat","background-position":"center center","background-size":"auto","background-attachment":"scroll","background-type":"","background-media":"","overlay-type":"","overlay-color":"","overlay-opacity":"","overlay-gradient":""},"tablet":{"background-color":"var(--ast-global-color-5)","background-image":"","background-repeat":"repeat","background-position":"center center","background-size":"auto","background-attachment":"scroll","background-type":"","background-media":"","overlay-type":"","overlay-color":"","overlay-opacity":"","overlay-gradient":""},"mobile":{"background-color":"var(--ast-global-color-5)","background-image":"","background-repeat":"repeat","background-position":"center center","background-size":"auto","background-attachment":"scroll","background-type":"","background-media":"","overlay-type":"","overlay-color":"","overlay-opacity":"","overlay-gradient":""}},"footnotes":""},"class_list":["post-6405","page","type-page","status-publish","hentry"],"_links":{"self":[{"href":"https:\/\/semanatarrega.com\/en\/wp-json\/wp\/v2\/pages\/6405","targetHints":{"allow":["GET"]}}],"collection":[{"href":"https:\/\/semanatarrega.com\/en\/wp-json\/wp\/v2\/pages"}],"about":[{"href":"https:\/\/semanatarrega.com\/en\/wp-json\/wp\/v2\/types\/page"}],"author":[{"embeddable":true,"href":"https:\/\/semanatarrega.com\/en\/wp-json\/wp\/v2\/users\/1"}],"replies":[{"embeddable":true,"href":"https:\/\/semanatarrega.com\/en\/wp-json\/wp\/v2\/comments?post=6405"}],"version-history":[{"count":11,"href":"https:\/\/semanatarrega.com\/en\/wp-json\/wp\/v2\/pages\/6405\/revisions"}],"predecessor-version":[{"id":6424,"href":"https:\/\/semanatarrega.com\/en\/wp-json\/wp\/v2\/pages\/6405\/revisions\/6424"}],"wp:attachment":[{"href":"https:\/\/semanatarrega.com\/en\/wp-json\/wp\/v2\/media?parent=6405"}],"curies":[{"name":"wp","href":"https:\/\/api.w.org\/{rel}","templated":true}]}}

<div data-elementor-type="wp-page" data-elementor-id="6405" class="elementor elementor-6405">
						<section class="elementor-section elementor-top-section elementor-element elementor-element-2d55042b elementor-section-boxed elementor-section-height-default elementor-section-height-default" data-id="2d55042b" data-element_type="section" data-settings="{&quot;background_background&quot;:&quot;classic&quot;}">
							<div class="elementor-background-overlay"></div>
							<div class="elementor-container elementor-column-gap-default">
					<div class="elementor-column elementor-col-50 elementor-top-column elementor-element elementor-element-4d411491" data-id="4d411491" data-element_type="column">
			<div class="elementor-widget-wrap elementor-element-populated">
						<div class="elementor-element elementor-element-45fa55c0 elementor-widget elementor-widget-heading" data-id="45fa55c0" data-element_type="widget" data-widget_type="heading.default">
				<div class="elementor-widget-container">
					<h1 class="elementor-heading-title elementor-size-default">Marta Andreu</h1>				</div>
				</div>
					</div>
		</div>
				<div class="elementor-column elementor-col-50 elementor-top-column elementor-element elementor-element-60305e8a" data-id="60305e8a" data-element_type="column">
			<div class="elementor-widget-wrap elementor-element-populated">
						<div class="elementor-element elementor-element-3eb0c314 elementor-widget elementor-widget-image" data-id="3eb0c314" data-element_type="widget" data-widget_type="image.default">
				<div class="elementor-widget-container">
															<img fetchpriority="high" decoding="async" width="1200" height="1200" src="https://semanatarrega.com/wp-content/uploads/2025/12/Marta-Andreu-e1765300835505.jpeg" class="attachment-full size-full wp-image-6237" alt="" srcset="https://semanatarrega.com/wp-content/uploads/2025/12/Marta-Andreu-e1765300835505.jpeg 1200w, https://semanatarrega.com/wp-content/uploads/2025/12/Marta-Andreu-e1765300835505-300x300.jpeg 300w, https://semanatarrega.com/wp-content/uploads/2025/12/Marta-Andreu-e1765300835505-1024x1024.jpeg 1024w, https://semanatarrega.com/wp-content/uploads/2025/12/Marta-Andreu-e1765300835505-150x150.jpeg 150w, https://semanatarrega.com/wp-content/uploads/2025/12/Marta-Andreu-e1765300835505-768x768.jpeg 768w, https://semanatarrega.com/wp-content/uploads/2025/12/Marta-Andreu-e1765300835505-12x12.jpeg 12w, https://semanatarrega.com/wp-content/uploads/2025/12/Marta-Andreu-e1765300835505-600x600.jpeg 600w, https://semanatarrega.com/wp-content/uploads/2025/12/Marta-Andreu-e1765300835505-100x100.jpeg 100w" sizes="(max-width: 1200px) 100vw, 1200px" />															</div>
				</div>
					</div>
		</div>
					</div>
		</section>
				<section class="elementor-section elementor-top-section elementor-element elementor-element-299e28a2 elementor-section-boxed elementor-section-height-default elementor-section-height-default" data-id="299e28a2" data-element_type="section">
						<div class="elementor-container elementor-column-gap-default">
					<div class="elementor-column elementor-col-100 elementor-top-column elementor-element elementor-element-b1c0b38" data-id="b1c0b38" data-element_type="column">
			<div class="elementor-widget-wrap elementor-element-populated">
						<div class="elementor-element elementor-element-70f382b1 elementor-widget elementor-widget-text-editor" data-id="70f382b1" data-element_type="widget" data-widget_type="text-editor.default">
				<div class="elementor-widget-container">
									<p style="text-align: justify;"><em>[Spanish bio &#8211; English below]</em></p><p style="text-align: justify;">BIOGRAFÍA EN ESPAÑOL</p><p style="text-align: justify;">Marta Andreu, nacida en Vila-real (Castellón), finalizó en el curso académico 2024-2025 el Grado en Interpretación Musical, especialidad en guitarra, en el Conservatorio Superior Joaquín Rodrigo de Valencia. Ha recibido clases magistrales de guitarristas como Carles Trepat, Adriano del Sal, Hopkinson Smith y María Esther Guzmán. Combina su labor como guitarrista solista con su participación en agrupaciones como el Conjunt de Guitarres Mestre Babiloni, la Rondalla de Sant Joan de Moró y la Orquestra de Plectre Francesc Tàrrega. Asimismo,  participa en el espectáculo infantil Coneixes Tàrrega, organizado por la compañía Paraules d’Aire, en el que interpreta la música en directo.</p><p style="text-align: justify;">&#8212;</p><p style="text-align: justify;">ENGLISH BIO</p><p style="text-align: justify;">Marta Andreu, born in Vila-real (Castellón), completed her Bachelor&#8217;s Degree in Musical Performance, specializing in guitar, at the Joaquín Rodrigo Higher Conservatory of Music in Valencia during the 2024-2025 academic year. She has received masterclasses from guitarists such as Carles Trepat, Adriano del Sal, Hopkinson Smith, and María Esther Guzmán. She combines her work as a solo guitarist with participation in groups such as the Conjunt de Guitarres Mestre Babiloni, the Rondalla de Sant Joan de Moró, and the Francesc Tàrrega Plectrum Orchestra. She also participates in the children&#8217;s show Coneixes Tàrrega, organized by the Paraules d’Aire company, where she performs live music.</p>								</div>
				</div>
					</div>
		</div>
					</div>
		</section>
				</div>

<p>Marta Andreu [Spanish bio &#8211; English below] BIOGRAFÍA EN ESPAÑOL Marta Andreu, nacida en Vila-real (Castellón), finalizó en el curso académico 2024-2025 el Grado en Interpretación Musical, especialidad en guitarra, en el Conservatorio Superior Joaquín Rodrigo de Valencia. Ha recibido clases magistrales de guitarristas como Carles Trepat, Adriano del Sal, Hopkinson Smith y María Esther [&hellip;]</p>
